21*p + 0. Determine b(1).
-9
Let o(x) = 4*x**2 - 2*x + 1. Let c be -1 - ((-12)/4 - 1). Let i = 4 - c. Calculate o(i).
3
Let g(m) be the first derivative of -2*m**3/3 - 17*m**2/2 + 742. Give g(-8).
8
Let x(c) = -c**3 - 5*c**2 - 3*c - 6. Let d be (-30)/(-4)*-5*(-14)/(-105). Calculate x(d).
9
Suppose 7*b = 19 - 5. Let x(d) = -4*d**2 + 9*d + 1. Let y(o) = 3*o**2 - 8*o. Let h(k) = b*x(k) + 3*y(k). Calculate h(6).
2
Let r(i) = -7*i**3 - 3*i**2 - 14*i + 9. Let m(t) = -4*t**3 - t**2 - 8*t + 5. Let p(s) = 5*m(s) - 3*r(s). Determine p(-2).
2
Let a(x) be the first derivative of x**4/4 + 8*x**3/3 - 3*x**2 + 4*x + 195. What is a(-9)?
-23
Let s(y) be the second derivative of -y**5/20 + y**4/4 + y**3/3 + y**2/2 - 8*y. Let k be s(-2). Let g(d) = -7 + k - 10 - 6 - 8*d - d**2. Calculate g(-8).
-6
Let f(q) = q**2 + 6*q - 9. Let u be f(-7). Let b(s) = s**2 - 2*s - 2. Determine b(u).
6
Suppose 0 = -7*z + 7 + 7. Let r(n) = 12*n + n**2 - z*n**2 - 3 - 6*n - 5*n. Calculate r(0).
-3
Suppose -2*j - 18 = j. Let t be ((-3)/j)/((-4)/(-80)). Let i = t - 12. Let h(d) = d**3 - d. Determine h(i).
-6
Suppose f + a - 6 = -0*f, -5*a = 3*f - 24. Let k(u) = 0*u + u**3 + 10 - 2*u**f - u**2 - 12 - u. What is k(0)?
-2
Let m(a) = a**3 - 2*a**2 - a - 4. Suppose 5*y - 3 - 3 = -2*l, 5*l = 3*y + 15. Determine m(y).
-4
Let t(u) = 3*u**2 - u + 10. Let x = -7 + 2. Let g(d) = 5*d**2 - 2*d + 15. Let v = -475 + 483. Let r(i) = v*t(i) + x*g(i). What is r(4)?
-3
Let h(m) = -19*m + 6 + 46*m - 11*m - 15*m. Determine h(5).
11
Let g(v) = 35*v + 27*v + 32*v - 93*v. What is g(-4)?
-4
Let n(u) = -2*u. Let z(y) = 3*y**2 + 2*y - 7. Let g(c) = 2*n(c) - z(c). Give g(-5).
-38
Let l(a) be the second derivative of a**4/12 + 2*a**3/3 - 2*a**2 - 5*a. Suppose 0 = -4*h - 5 - 27. Let w = h - -4. Determine l(w).
-4
Let g(w) = w + 1. Let u(y) = 11*y - y**2 + 0*y**2 + 2 - 6. Let b be 13/(52/(-16)) - (-7 + 0). Let t(q) = b*g(q) - u(q). What is t(6)?
-5
Let c(a) = -a**3 - 5*a**2 - 6*a + 5. Let q be 38/(-95) + 36/(-10). What is c(q)?
13
Let i(w) = -7*w - 42. Suppose m - 10*m - 54 = 0. Let v be i(m). Let k(r) = r**2 - r - 4. Determine k(v).
-4
Let d be (-1)/(-1*1/2). Let j(q) = -q**2 - 2*q**2 - 1 - 7 + 4*q + 6. Determine j(d).
-6
Let y be 0 + 3/1 + -1. Let z(u) = u**2 + 9*u - 7. Let i be z(-10). Let j(v) = 4*v - 6 - y - i*v - 2*v. Give j(-6).
-2
Let z(p) be the third derivative of p**6/120 + p**5/6 - p**4/24 - 5*p**3/6 + 14*p**2 + p. Calculate z(-10).
5
Let z(o) = 115*o - 14. Let l(w) = 39*w - 5. Let f(v) = -11*l(v) + 4*z(v). What is f(-1)?
-32
Let l be (-2)/(-6) + (46/(-3) - -15). Let d(v) = v**2 - 3*v - 2. Give d(l).
-2
Let a(j) = 3*j - 3. Let b(x) = -8*x + 8. Let y = -18 + 13. Let u(q) = y*b(q) - 14*a(q). Let f(o) = o + 9. Let r be f(-5). Calculate u(r).
-6
Let a(f) be the second derivative of 2*f**3/3 + f**2 + 109*f. Give a(-5).
-18
Let b(m) be the first derivative of m**3/3 + 5*m**2/2 - 2*m + 88. Let l = -8 + 5. Calculate b(l).
-8
Let u(c) = c**3 + 16*c**2 + 15*c + 1. Let x be 3*1/(-3)*15. Determine u(x).
1
Let f = 1795 - 1788. Let u(t) = 2*t - 16. Calculate u(f).
-2
Let f(p) be the first derivative of 2*p**2 - 2. Let j(h) = 3*h**2 - 7*h + 2. Let v(b) = b**2 - 2*b. Let n(t) = j(t) - 2*v(t). Let i be n(3). What is f(i)?
8
Suppose -7*t - 3 = -4*t. Let s be (-2*4 + 0)/t. Let q be (-3*s/(-4))/(-1). Let w(c) = 2*c + 8. Calculate w(q).
-4
Let z = -589 + 589. Let m(q) be the second derivative of -7/12*q**4 + 3/2*q**2 + 5/6*q**3 + z + 1/20*q**5 - 2*q. Determine m(6).
-3
Let k(n) = n**2 - 4*n - 4. Let b = 28 + -24. Let s(r) = -r**2 + 4*r + 3. Let c(u) = b*k(u) + 5*s(u). Let m = 6 + -3. Determine c(m).
2
Let x be (-732)/48 + 15 + (-9)/(-4). Let y(v) = -v**3 - 1 + 4*v**2 + 4*v - 4*v - v. What is y(x)?
5
Let f(v) = -3*v**3 + 7*v**2 + 32*v - 19. Let p = -26 + 18. Let o(x) = 2*x**3 - 5*x**2 - 21*x + 13. Let i(y) = p*o(y) - 5*f(y). Give i(6).
3
Let k(g) = 14*g + 17*g - 4 - 23*g. Give k(4).
28
Let u be ((-3)/(-5))/(-5 + 130/25). Let g(k) = -12*k**3 + 13*k**u + 2*k - 3*k - k. What is g(-2)?
-4
Let i(a) = -10*a - 2. Let r(f) = -6*f - 1. Let p(u) = -4*i(u) + 7*r(u). Calculate p(3).
-5
Let i(q) = 2*q**3 + 10*q**2 - 7*q + 9. Let f(x) = x**3 + 9*x**2 - 7*x + 9. Let z(p) = -3*f(p) + 2*i(p). Let n = -2 - -8. Calculate z(n).
-3
Let d be (-12)/11 + (-144)/(-11) + -13. Let u(x) = -10*x**3 - x. Give u(d).
11
Let q be (0 - -2)*(-1)/(-2) - -10. Suppose q*o - 2 - 108 = 0. Let u(m) = m + 2. Determine u(o).
12
Suppose -3*c + 4*u = -2*c - 8, -c = u - 18. Suppose -2*j + 4*i + c = 5*i, -3*j + 4*i + 2 = 0. Let p(n) = -4 + 2 - 2*n + n + 3. Determine p(j).
-5
Let g(y) be the first derivative of 5 - 1/2*y**2 + 5*y. Determine g(3).
2
Let h(l) = -3*l**2 + 4*l + 4*l**3 - 1 - l + l**2 - l. Let p be h(1). Let v(k) = -11*k + 3. Let g(f) = 5*f - 1. Let u(w) = p*v(w) + 7*g(w). What is u(3)?
8
Let o(i) = -i**3 + i**2 + 4*i + 4. Let s(n) = -n**2 + 10*n + 43. Let w be s(-3). Determine o(w).
-28
Let r = -2 + 2. Let x be 5*1 - (2 + 1). Let k(z) = z**2 - 11 - z - x*z + 2*z + 12. Calculate k(r).
1
Let i(a) = -a**2 + 23*a - 20. Let x be i(22). Suppose 0 = -z + 2*l - x, -4*z + 4*l + 0*l - 20 = 0. Let c(v) = -v**2 - 10*v - 9. Give c(z).
7
Let p(j) be the third derivative of j**5/30 + j**4/2 + 2*j**3/3 + 120*j**2. Calculate p(-5).
-6
Let x(z) = -z**3 - 4*z**2 - 2*z - 3. Let j be x(-4). Let k(n) = 0 - 1 - 4 + 4 + j*n - n**2. Let u = -581 + 588. Calculate k(u).
-15
Suppose -4*p = 4*p - 512. Let v be ((-48)/p)/(1/8). Let c(x) = -2*x - 3. Determine c(v).
9
Let n(x) = x. Let y = 26 + -24. Suppose i = 1, -2 = -y*h + 4*i - 0. Suppose -h*k + 8*k = 30. Calculate n(k).
6
Let n(o) = -o**2 + o - 1. Let h be n(3). Let f(c) be the first derivative of -c**4/4 - 7*c**3/3 + c**2/2 + 10*c + 856. Determine f(h).
3
Let y(c) = -c - 4. Let x(d) be the first derivative of d**2 + 5*d + 22. Let o(m) = -2*x(m) - 3*y(m). Give o(-5).
7
Let f(j) = 8*j - 20. Let c(r) = -3*r**3 - 63*r**2 - 4*r - 77. Let s be c(-21). Give f(s).
36
Let a(y) be the third derivative of y**7/2520 - 7*y**6/720 - 3*y**5/5 + 41*y**2. Let g(d) be the third derivative of a(d). What is g(-9)?
-25
Let k(d) be the second derivative of 1/2*d**2 + 1/12*d**4 + 6*d + 0 + 9/20*d**5 - 1/6*d**3. Calculate k(1).
10
Let l(c) = -c + 1. Let r(o) = -3*o - 1. Let k(d) = 4*l(d) - r(d). Suppose -3 + 4 = m. Let x be (1 - m)*10/(-20). Give k(x).
5
Suppose 99 = 3*w + 4*m, 5*w - 165 = 4*m - 2*m. Let v(p) = -2*p**2 - w*p + p**2 + 4 + 30*p. Let l be (3/1)/(2 + -1). Calculate v(l).
-14
Let m(x) = -4. Let c(v) = v - 15. Let p(g) = -2*c(g) + 9*m(g). Calculate p(7).
-20
Let g = 23 + -21. Let i(l) = g*l + 2*l + l - 6*l. Calculate i(5).
-5
Suppose -4*c + 2*x = 18, c = 6*c - 2*x + 22. Let r be (-79)/c + 9/(-12). Let w(m) = 7*m - m - 6 + r*m**2 - 26*m**2 + m**3. What is w(6)?
-6
Let k = 19 + -13. Suppose 0 = -4*s + a + 14, -2*s - k*a = -3*a. Let i(g) be the third derivative of -g**5/60 + g**3/6 + 76*g**2. Calculate i(s).
-8
Suppose 7*f - 3*f = 12. Let u(y) = -4*y + 4*y**2 - y**2 - y**2 + f. Determine u(3).
9
Suppose -2*g = 3*g - 10. Let o(a) = 3*a**2 + 3*a + 2. Let h be o(-1). Let i(b) = b**3 + 3*b - 4*b + 1 + h*b**2 - 7*b**g. Give i(5).
-4
Let u(m) = m**2 - 4*m - 5. Let f = -103 + 110. Calculate u(f).
16
Let q(h) be the second derivative of -h**8/960 + h**6/720 + 4*h**4/3 + 3*h. Let d(g) be the third derivative of q(g). Determine d(1).
-6
Let w(l) = -l**3 + 6*l**2 + 7*l - 6. Let z(v) = 6*v - 29. Let c be z(6). Determine w(c).
-6
Suppose 42 = -3*l - 0*l. Let m = l - -18. Let g(d) = m + 7 + d - 2*d. Calculate g(5).
6
Let z(t) = -t**3 + t**2 - t + 5. Let v be (-14)/(1/(3/(-6))). Suppose v*r = 2*r + 20. Suppose -r*y = y. Calculate z(y).
5
Let s = -5 - -13. Let z(a) = -11*a + 2. Let u(h) = -96*h + 7. Let w(k) = -u(k) + 9*z(k). Calculate w(s).
-13
Let i(o) = o**2 - 5*o - 12. Let z be i(7). Let b(p) = -4*p + 3*p + z*p + 0*p. Give b(4).
4
Let j(y) = -7*y - 6. Let s be j(-2). Let i(p) = 6*p - 6. Let v(g) = -17*g + 18. Let c(w) = s*i(w) + 3*v(w). Calculate c(5).
-9
Let i(y) be the first derivative of -5/2*y**2 - 10*y + 1/3*y**3 - 3. Let z be i(7). Let x(d) = 2*d - 3. Determine x(z).
5
Let z(n) = 4*n**2 + n + 4. Let x be (-57)/21 + (-4)/14. What is z(x)?
37
Let a(k) = 2*k + k + 3 + 0. Let c = -444 - -441. Calculate a(c).
-6
Suppose -h + 5 + 12 = -5*y, 5*h - y - 13 = 0.